7*k = 11*k - 504. Is 6 a factor of k?
True
Suppose -10*w + 12 = -6*w. Suppose -5*x - 2*s = s - 66, w*x - 30 = -5*s. Is 4 a factor of x?
False
Suppose -14 - 1 = -2*n - 5*g, -g - 65 = -3*n. Is 10 a factor of n?
True
Is 4/14 - 445/(-35) a multiple of 4?
False
Let d be 6/12*16*1. Suppose -m = 1 - d. Is 4 a factor of m?
False
Suppose 32*o - 194 = 31*o. Does 23 divide o?
False
Let s(y) be the second derivative of 3*y**5/20 - y**4/3 - y**3/3 + 2*y**2 + 2*y. Does 9 divide s(3)?
False
Is 15 a factor of (-2)/(-5) - 2899/(-65)?
True
Let q = 1 + 4. Suppose -5*v + 24 = -2*g, 4*g - v + q*v = -20. Let s = 31 + g. Is 14 a factor of s?
False
Let r(q) = q**3 - 9*q**2 + 8*q + 8. Let y = -16 - -24. Is 5 a factor of r(y)?
False
Suppose -20 = 4*r, -2*t - 4*r - 23 = -3*t. Let g = t + 28. Does 11 divide g?
False
Let f(q) = 16*q - 1. Let h be f(2). Let o = h - 13. Is 9 a factor of o?
True
Does 5 divide (-28)/70 - 254/(-10)?
True
Suppose 7*v = -v + 200. Is 10 a factor of v?
False
Let c(o) = -4*o**3 - 3*o**2 + 2*o + 1. Let b be c(2). Let y = b - -73. Does 13 divide y?
False
Is 2/(-3) - (-1870)/51 a multiple of 12?
True
Suppose -4*m + 0*m = 12. Let x = 22 + m. Let p = 33 - x. Is p a multiple of 7?
True
Suppose -c + 22 = -4*g - 2, -3*c - 3 = 3*g. Let a(k) = -5*k**3 - 9*k**2 + 3*k + 1. Let t(o) = -o**3 - o**2. Let d(n) = -a(n) + 4*t(n). Is 14 a factor of d(g)?
True
Let j = -26 + 4. Let n(s) = -s**3 + 3*s**2 - 3*s - 4. Let w be n(3). Let l = w - j. Is l a multiple of 7?
False
Let h(z) be the second derivative of z**5/120 + 35*z**4/24 - 2*z**3/3 - 3*z. Let y(n) be the second derivative of h(n). Is 13 a factor of y(0)?
False
Is 0/1 + (199 - 8 - 5) a multiple of 25?
False
Let y = 301 + -151. Is y a multiple of 25?
True
Let x be (5 + -5)/((-1)/(-1)). Suppose 5 = -q - x. Is (-5)/(q/14) - -2 a multiple of 11?
False
Let d(r) = -2*r + 6. Is d(-11) a multiple of 7?
True
Let o(r) = r**3 - 8*r**2 + 6*r + 3. Is 9 a factor of o(8)?
False
Let f(o) = -o**3 - 7*o**2 - 6*o - 9. Let v be f(-6). Let b = 15 - v. Is 8 a factor of b?
True
Suppose 0 = -b + 29 + 16. Let g = -15 + 15. Suppose g*t + b = t. Is 16 a factor of t?
False
Is 8 a factor of (43 + -3)*4/10?
True
Suppose 2 = -5*p - 2*u, -p + 2*u + 2 = 4*p. Suppose p*m - 56 = -2*m. Suppose -m - 80 = -3*x. Is 17 a factor of x?
False
Suppose -3*c + 23 = 4*f, -14 = -4*c + 3*c + 5*f. Suppose 4 = y - c. Is 6 a factor of y?
False
Suppose -3*v = -8*v + 260. Is v a multiple of 13?
True
Let f = -99 + 174. Suppose -f - 3 = -2*q. Is q a multiple of 13?
True
Suppose -3*c - r = -565, -5*r = 2*c + c - 581. Is c a multiple of 17?
True
Suppose s - 26 = -5*z, 0*z + 8 = s - z. Does 11 divide s?
True
Does 12 divide -3 + (-7)/(28/(-60))?
True
Let i = -2 + 4. Suppose 48 = 2*d + i*d. Does 4 divide d?
True
Let d(z) = -5*z + 1. Does 9 divide d(-7)?
True
Let t(c) = 2*c**2 + 2*c - 1. Let o be t(-2). Suppose o*w = -1 + 10. Suppose 154 = 5*s + w*u, 3*s - 132 = -s + 2*u. Is s a multiple of 16?
True
Let o(c) = -c**2 - 2*c. Let h be o(-2). Suppose 4*y - 20 = -h*y. Does 5 divide y?
True
Suppose -102 = -b - b. Does 17 divide b?
True
Let z be 1/(-2 + (-39)/(-18)). Suppose 126 = -3*l + z*l. Suppose -21 = -3*w + l. Does 9 divide w?
False
Let r be (2 - 1) + 0 - -2. Suppose -m - 2*q - 3 = 2*m, -2*m + r*q = 15. Is m/(-5) + (-67)/(-5) a multiple of 14?
True
Let r = -11 + 8. Let q = r - -7. Suppose -5*o + 31 = -q*o. Does 11 divide o?
False
Suppose 4*w + w + 83 = -3*n, 4*n - 2*w = -102. Let v = -69 - -111. Let z = n + v. Is z a multiple of 6?
False
Let s(m) = -m**2 - 7*m - 1. Let q(v) = -2*v + 8. Let b be q(7). Is 5 a factor of s(b)?
True
Let u = -1 + 2. Let m = 30 - u. Is 14 a factor of m?
False
Suppose 5*k - v = 114, 2*k - 2*v + 5*v - 32 = 0. Suppose -l + k - 2 = 0. Let h = l - 0. Is h a multiple of 11?
False
Let b(p) = p**2 + 2*p - 2. Let v be b(-4). Suppose -5*o + 3*o + v = 0. Suppose -o*d = d - 64. Is d a multiple of 16?
True
Let o = 78 + -21. Is 28 a factor of o?
False
Suppose 3*j - 15 + 3 = 0. Suppose 2*v = j*a - 194, 5*a + 0*a - 244 = 4*v. Is a a multiple of 24?
True
Suppose -4*h + 17 = d, -3*d + d - 4*h + 22 = 0. Is 64/d + (-10)/(-50) a multiple of 2?
False
Let p(g) = 20*g - 7. Let q be p(8). Let i = q - 97. Does 22 divide i?
False
Let v(t) = 2*t**2 - t + 2. Let j be v(2). Suppose -4*g - 116 = -j*g. Does 13 divide g?
False
Let a(h) = -h**3 + 11*h**2 - 3*h - 6. Let b = -1 - -11. Does 16 divide a(b)?
True
Suppose s + 0 - 4 = 0. Suppose -a = -3*a + s. Does 12 divide -1 + 25 + (2 - a)?
True
Let s(j) = 2*j**2 + 3*j + 3. Let d be s(-3). Suppose 2*b - 126 = -3*o, 2*o - 4*b = d + 56. Does 14 divide o?
False
Suppose -4*y + 0*y - p = 14, 0 = y - 5*p + 14. Let u(k) = k**3 + 4*k**2 - 3*k - 6. Is u(y) a multiple of 6?
True
Suppose 3 = -3*n + 4*j + 8, 4*j = -3*n + 37. Let m = -5 + n. Let s = m - 0. Does 2 divide s?
True
Let n(k) = -5*k - 7. Let t be n(6). Let u = t + 53. Does 16 divide u?
True
Suppose 0*s = -5*s. Suppose -3*v + 26 = 2*h, 3*h - 4 = -v - s*h. Is v a multiple of 10?
True
Let u = -85 - -119. Let j = u + -16. Is (-80)/15*j/(-4) a multiple of 12?
True
Let o = 46 - 13. Does 8 divide o?
False
Let o(t) = t**3 - 18*t**2 + 4*t - 1. Does 19 divide o(18)?
False
Let n(r) = -18*r**3 - r - 1. Is 9 a factor of n(-1)?
True
Let h = -213 - -311. Is h a multiple of 14?
True
Suppose 246 = 6*s - 276. Does 20 divide s?
False
Let k = -278 - -396. Let o = k - 64. Is 15 a factor of o?
False
Let t(d) = d**3 + 10*d**2 - 12*d. Is t(-10) a multiple of 20?
True
Let q(h) = -3*h - 13. Let d be q(-9). Suppose -5*x - d = 1. Is 13 a factor of ((-3)/(x/(-13)))/(-1)?
True
Suppose -2*x - 8 = 3*t - 5*t, t + 5*x = -2. Suppose -2*j + 14 = -t*y - y, 5*j + 3*y = 9. Suppose -j*c + c + 32 = 0. Does 8 divide c?
True
Let s = 414 - 247. Is 11 a factor of s?
False
Suppose -m + 57 = -s, 6*m + s - 53 = 5*m. Is m a multiple of 9?
False
Suppose -4*y = 4*u + y + 34, -y - 9 = u. Let v = -5 - u. Is 3 a factor of v?
True
Let r = -86 + 142. Is 14 a factor of r?
True
Let o be (-4)/22 - 6441/(-33). Is 11 a factor of (-2)/(-2) - o/(-5)?
False
Suppose -2*c - 224 = -9*c. Is 16 a factor of c?
True
Let g(r) be the first derivative of r**3/3 + 2*r**2 - 8*r - 3. Let a be g(-6). Suppose -11 - 13 = -a*q. Is q a multiple of 6?
True
Suppose n + 39 = -5*s, 2*s - 4*s + 3*n - 19 = 0. Let r(d) = -d**3 - 9*d**2 - 11*d + 1. Is r(s) a multiple of 18?
False
Let f(q) = -q**3 - 2*q**2 - 5*q - 5. Suppose 0 = -2*a + 3 - 11. Is 20 a factor of f(a)?
False
Let t(l) = -l**2 + l - 1. Let p(w) = -w**3 + 6*w**2 + 12*w + 11. Let m(v) = -p(v) + 3*t(v). Let q be m(10). Does 15 divide (-142)/q - 4/8?
False
Let v = -305 - -445. Does 28 divide v?
True
Suppose -11*k + 126 = -2*k. Does 7 divide k?
True
Suppose -m = -2 - 1. Suppose -f + r = 5*r + 66, 0 = r + m. Let y = -10 - f. Is 24 a factor of y?
False
Let m be 1/5 - (-27)/15. Let g = m - -13. Let z = g - -1. Is 16 a factor of z?
True
Let c(x) = 5*x + 7. Let f(b) be the third derivative of b**4 + 6*b**3 + b**2. Let q(t) = -11*c(t) + 2*f(t). Does 15 divide q(-5)?
True
Suppose m - 56 = -15. Let y = m + -11. Does 10 divide y?
True
Suppose -d = -0 - 5. Suppose -d*a + 32 = -3*a. Is a a multiple of 8?
True
Let b = 7 - 12. Let n(u) be the third derivative of -u**6/120 - u**5/15 - u**4/24 + 3*u**2. Does 10 divide n(b)?
True
Let x(h) = 3*h**2 + 8*h + 6. Let a be x(-10). Let o = a + -155. Is o a multiple of 18?
False
Let g(z) = 1 - z**3 + 8*z**2 + 5 + 8 + 4. Does 5 divide g(8)?
False
Suppose -570 = 3*n - 8*n. Is 57 a factor of n?
True
Let u(d) be the first derivative of 0*d + d + d + 2*d**2 + 1 - 8*d**2. Is u(-2) a multiple of 13?
True
Suppose 0 = 5*f + 5, 5*f + 10 = -5*o - 5. Let z be 1 - (58 + o)/2. Let u = z - -45. Does 18 divide u?
True
Suppose 3*z = -4*h + 2*z + 15, -12 = -2*h - 2*z. Is 25 - (1 - 3/h) a multiple of 5?
True
Let t(g) = 2*g - 6 + 4 + g - 5*g. Let y = -16 + 10. Is 5 a factor of t(y)?
True
Suppose -58 = -3*b + 3*u - 2*u, 4*u - 34 = -2*b. Let n = b - 7. Suppose -n + 1 = -z. Is z a multiple of 11?
True
Let c(t) = 3*t**2 - t + 1. Let v = 4 - 3. Let j be c(v). Suppose -2*a - 5*z = -79, -2*z = -j*z - 5. Is a a multiple of 18?
False
Suppose -l = -6*l + 10. Let q(x) = -x**2 + 3*x + 2. Is 3 a factor of q(l)?
False
Suppose -3*p + 3*s = 2*p - 87, 20 = -5*s. Does 15 divide p?
True
Let z(s) = -94*s - 1. Is 24 a factor o